(-27). What is the tens digit of 81/(0 - -3) - t?
2
Suppose 4*h = -4*a - 4, 3*h + 3 = -a + 2*a. Let g = a + 2. Suppose 3*z = -g*z + 10. What is the units digit of z?
2
Let w(q) = 11*q**2 - 3*q + 5. What is the hundreds digit of w(4)?
1
Let n(j) = -j**2 - 4*j. Let d(b) = -b**3 - 9*b**2 - 9*b - 11. Let g be d(-8). Let m be n(g). Let v(h) = 2*h**2 - 4*h + 2. What is the units digit of v(m)?
8
Let u(t) = -t - 2. Let w be u(-5). Suppose q + w = 5. What is the units digit of q?
2
Suppose 0*x + 15 = 5*x. Let y = -2 + x. What is the units digit of 10/(-4)*-2 - y?
4
Let q(o) = 6*o**2 + 2. What is the tens digit of q(2)?
2
Let o(n) be the first derivative of -n**3/3 + 13*n**2/2 + 4*n + 2. What is the tens digit of o(12)?
1
Let q be (-15)/6*8/(-10). Suppose 0 = q*f - 3*v - 72, 2*f - 3*f + 4*v + 36 = 0. Suppose -67 = -4*p - p + 4*a, -3*p + a = -f. What is the units digit of p?
1
Let m(q) = q**2 + 5*q + 5. Let n be m(-5). Let o(u) = -5*u - 5. Let v be o(-5). Let i = v - n. What is the tens digit of i?
1
Suppose -3*a = -3, 2*y = -4*a + 2 + 6. What is the units digit of y?
2
Suppose -4*y - 35 = y. Let v(s) = 2 + s**3 - 1 - 2*s - 2 + 7*s**2. What is the units digit of v(y)?
3
Let b(j) = j**3 + j**2 - 4*j - 3. Let g be b(-2). Suppose g = 3*y - 5. Suppose -2*t - 4*f + y = 0, -3*t - t - 4*f + 24 = 0. What is the units digit of t?
1
Let g(t) = t - 13. Let y be g(0). Let m be (-1 - -2) + 1 + y. Let l = m + 15. What is the units digit of l?
4
What is the tens digit of 4*9 - (1 - 4)?
3
Let q = 33 - 17. What is the units digit of q?
6
Suppose 5*o - 14 = -2*q, -o + 58 = 4*q + q. Let a = q - 6. What is the units digit of a?
6
Let y = 6 - 4. Let j be -2 + y + -2 + 12. Suppose 0 = -3*d - 2*d + j. What is the units digit of d?
2
Let u(k) = 2*k**2 - 6*k + 1. Let n be u(7). Suppose 0 = -0*f - 3*f + n. What is the units digit of f?
9
Let g(y) = -y**3 + 11*y**2 - 2*y + 13. Let i be g(11). What is the units digit of i/15 + (-16)/(-10)?
1
What is the tens digit of 165*(0 + (-9)/(-15))?
9
Suppose 0 = 3*u - f - 577, 3*u + 2*f - 517 = 48. What is the tens digit of u?
9
Suppose 0 = -4*k - 3*o + 9, -16 = -4*k - 5*o - 1. Suppose 4*i + k*i - 32 = 0. What is the units digit of i?
8
Suppose -28 = -6*z - z. What is the units digit of z?
4
Let u = 90 + -62. Suppose 4*j + 4 - u = 0. Suppose 0 = y - j - 4. What is the tens digit of y?
1
Suppose -3*b + 97 = -4*a, -2*b + b = -a - 33. What is the tens digit of b?
3
Let n(m) = 3*m**2 - 4*m + 6. Let g be n(4). Suppose g = 3*j - j. Suppose 6*a - a = -3*u + j, 0 = 4*u - 2*a - 34. What is the units digit of u?
8
Suppose -2*n + 9 = -n. Let s = n + 6. What is the tens digit of s?
1
Let a(g) = g**2 + 11*g - 5. Let d be a(-11). Let s = 0 - d. Suppose 3*b + 11 = 4*b - m, -s*b - m + 43 = 0. What is the units digit of b?
9
Let g(f) = 2*f**2 + f - 1. Let w be ((-3)/9 - -1)*3. What is the units digit of g(w)?
9
What is the tens digit of (-6)/6 - 59/(-1)?
5
Suppose 3*i + 4*r - 21 = r, -4*r = -i + 2. Suppose -4*n = 3*c - 33, -c + 2*n + 16 = 5*n. Let l = c - i. What is the units digit of l?
1
Let f = -226 - -387. Suppose 15 = 4*r - f. What is the tens digit of r?
4
Let h(c) be the second derivative of -c**3/6 + 5*c**2/2 + 2*c. Suppose 0 = -p + 6 - 2. What is the units digit of h(p)?
1
Let f(v) = v**2 + 6*v + 3*v - 2 - 4*v. What is the units digit of f(-6)?
4
Let i(k) = k**3 + 15*k**2 + 7*k + 6. What is the tens digit of i(-14)?
0
Suppose 3*j + 6 = 4*j. Suppose 0 = 3*q - 5*s - 5, -3*q - 3*s - 9 = -j*q. What is the units digit of q?
5
Let u(x) = 3*x**2 + 8*x - 12. What is the units digit of u(-7)?
9
Let n(u) be the third derivative of 0*u + u**2 + 1/8*u**4 + 0 - 5/3*u**3. What is the tens digit of n(9)?
1
Let m = 6 - 13. Let k be 8/12 + m/(-3). Suppose -2*r - k*r = -10. What is the units digit of r?
2
Let t = -5 + 6. What is the tens digit of ((-32)/5)/(t/(-5))?
3
Let b = -348 - -600. What is the units digit of b?
2
Suppose -3*d = -2*d + 5*h - 94, -2*h = -3*d + 231. What is the tens digit of d?
7
Let z(m) = 2*m**3 - 5*m**2 + 3*m - 3. Let o be z(5). Let n = -245 + o. What is the units digit of (2/6)/((-4)/n)?
9
What is the units digit of (-645)/(-135) - (-4)/18?
5
Let b(z) = -10*z + 7. Let j be b(-5). Let r = j + -22. Let o = r - 25. What is the units digit of o?
0
Let c(u) = 32*u + 2. What is the tens digit of c(2)?
6
Suppose -b = -5, -2*i - 2*b = 2 + 4. Let r = -4 - i. Suppose 0*v + r*v - 44 = 0. What is the tens digit of v?
1
Let z(u) = 47*u + 6. Let t be z(7). Suppose 0 = 4*g - w - 251, 5*w - 2*w = -5*g + t. Suppose -4*o = 4*k + k - g, -76 = -4*k + 3*o. What is the units digit of k?
6
Let z = -85 - -131. Suppose 0 = -4*l + 34 + z. Suppose -4*m + l = 2*c - 0*c, 5*m = 4*c - 79. What is the units digit of c?
6
Let t(n) = -9*n. Let o(q) = q**3 + 6*q**2 - 4. Let l be o(-6). Let v be t(l). Suppose -v = -4*m - 0*m. What is the units digit of m?
9
Suppose 2*p + 96 = 6*p. Suppose 2*i = -0*z + 4*z - p, 0 = -z - i. Suppose 17 = z*w - 2*m - 15, -4*w + 24 = 2*m. What is the units digit of w?
7
Suppose -13*c = -10*c - 72. What is the tens digit of c?
2
Suppose 5*x - 3*z = 22, 22 = 3*x - 0*x - 4*z. What is the units digit of 26/6 + x/3?
5
Suppose 3 = -4*j + 27. Suppose g = -4*o + 2, 3*g = -o + j - 0. Suppose g*c + 48 = 6*c. What is the tens digit of c?
1
Suppose -x - 2*q - 7 = 0, 0*x = -x + 2*q + 13. Suppose x*o - 7 = 11. What is the units digit of o?
6
Let s be 4/(-14) - 32/(-14). Suppose -g = s*g. What is the units digit of (-22)/(-2)*(g - -1)?
1
Suppose -2*n = 2*a - 2, n = 5*a + 3 + 4. Suppose -4*y - 2*j + 24 = 0, j + n + 0 = 0. What is the units digit of y?
7
Let r be -1 + (-1)/1*-1. Suppose 18 + r = -2*q. What is the tens digit of (q - 1)/(-1 - 0)?
1
Suppose 3*j = 12, -2*b - 2*j + 10 + 8 = 0. Suppose -i + 6*z = z + 5, -i + 15 = b*z. What is the units digit of i?
5
Let f(d) be the third derivative of -5*d**4/24 - 4*d**2. What is the tens digit of f(-5)?
2
Let h(o) = -5*o**2 + 3*o + o**3 + 3 - 2*o + 0. Let m be h(5). Suppose 5*a = -4*w + 24, -5*w + m = a - w. What is the units digit of a?
4
Let a(h) = h**2 - 2*h + 2. Let b be -2 - (-4)/2 - -2. What is the units digit of a(b)?
2
Suppose -4*u + 3*u + 5*j - 15 = 0, 0 = 4*j + 16. Let k = -4 - -6. What is the tens digit of (-434)/u + k/(-5)?
1
What is the units digit of 81*1 + 0 + -1 + -2?
8
Suppose 14 = -4*r - 2, 3*k + 2*r - 40 = 0. What is the tens digit of k?
1
Let c(p) = -p. Let d(g) = g**3 + 6*g**2 + 5*g + 6. Let b be d(-5). Let w = -14 + b. What is the units digit of c(w)?
8
Suppose 5 + 52 = m. What is the units digit of m?
7
Suppose -5*l - 58 = -18. Let y = 7 - l. What is the tens digit of y?
1
Suppose -4*o + 7*o - 2*v = -56, 3*o + 70 = -5*v. Let x be ((-72)/o)/((-3)/(-50)). What is the units digit of (2/(-3))/((-8)/x)?
5
Suppose 5*o = h + 18 + 3, 2*o + 3*h - 22 = 0. Let u(y) = -4*y - 9. Let b(m) = 1. Let x(a) = o*b(a) + u(a). What is the units digit of x(-3)?
8
Let b(h) = h**2 + 8*h. Let z be b(-6). Let o be (z/10)/(12/(-30)). Suppose o*w - 20 = -2*w. What is the units digit of w?
4
Suppose o + 12 = -o. Let x be (-1)/3 + 82/o. Let a = -8 - x. What is the units digit of a?
6
Let m(f) = -2*f**3 - 4*f + 4*f + 2*f**2 - f + 4*f**3. Let l be m(1). Suppose 0 = 5*b - 0*b - l*y - 75, y = -b + 15. What is the units digit of b?
5
Let j be (8 + -1)*42/49. Suppose c - 11 = -p, -j - 32 = -4*c + 2*p. What is the tens digit of c?
1
Suppose -8 = -2*p, -n + 4*n - 4*p - 5 = 0. Let y be 6/4*60/18. Suppose -4*g + a = -41 + 4, y*a - n = -4*g. What is the units digit of g?
8
Let p(v) = v**3 - 2*v + 52. What is the units digit of p(0)?
2
What is the units digit of (-180)/75*320/(-6)?
8
Suppose 0*o + 2336 = 8*o. What is the units digit of o?
2
Let m(u) = -u - 4. Let l be m(-5). Suppose 5*g - 1 = -3*p + 2, -p + l = -4*g. Suppose g*v = v - 4. What is the units digit of v?
4
Let y = -29 + 70. What is the tens digit of y?
4
Suppose 0 = -v - h - 3 + 6, 3*v = 3*h + 9. What is the tens digit of 2 + (78/v)/2?
1
Let z = -7 - -11. Let t = z - 4. Suppose 100 = -t*o + 5*o. What is the tens digit of o?
2
Let b(d) = d**3 - 9*d**2 + 6*d + 4. Let k be b(8). Let w = k - -33. What is the units digit of w?
1
Suppose -2*c = -4*v - 11 - 11, 4*c - 56 = -4*v. Let w = 57 - c. What is the tens digit of w?
4
Let k(s) = 3*s + 13*s - 5*s. Let c be k(-1). Let j(o) =